774?
True
Is 4 a factor of 7013967?
False
Is 3056847 a multiple of 25?
False
Is 3804771 a multiple of 7?
False
Does 672 divide 155928?
False
Is 44798 a multiple of 26?
True
Is 151250 a multiple of 275?
True
Is 27 a factor of 324540?
True
Does 954 divide 964191?
False
Is 1334674 a multiple of 103?
True
Is 208 a factor of 789123?
False
Is 135 a factor of 635850?
True
Is 171 a factor of 630990?
True
Is 947 a factor of 3497271?
True
Is 34 a factor of 2047958?
False
Is 118158 a multiple of 282?
True
Is 9 a factor of 52911?
True
Does 18 divide 59670?
True
Does 44 divide 3427236?
False
Is 30255257 a multiple of 17?
True
Does 27 divide 54046?
False
Does 442 divide 377468?
True
Is 1086229 a multiple of 29?
False
Does 156 divide 152724?
True
Does 440 divide 1337600?
True
Is 251286 a multiple of 93?
True
Is 97149 a multiple of 16?
False
Is 271098 a multiple of 113?
False
Is 943497 a multiple of 243?
False
Is 444972 a multiple of 59?
False
Is 542412 a multiple of 76?
True
Is 8 a factor of 640376?
True
Is 82 a factor of 3248089?
False
Does 48 divide 746596?
False
Does 334 divide 32914748?
False
Is 6604 a multiple of 64?
False
Is 490 a factor of 83300?
True
Does 25 divide 323550?
True
Does 204 divide 636086?
False
Is 19 a factor of 206340?
True
Does 99 divide 1578258?
True
Is 16 a factor of 225680?
True
Does 121 divide 1890746?
True
Is 195453 a multiple of 19?
True
Is 37 a factor of 489473?
True
Is 415108 a multiple of 314?
True
Is 379 a factor of 7648430?
False
Is 20 a factor of 513120?
True
Is 1292 a factor of 19462688?
True
Does 98 divide 157585?
False
Is 115 a factor of 2097370?
True
Is 112871 a multiple of 341?
True
Does 367 divide 96521?
True
Is 599924 a multiple of 26?
True
Is 80 a factor of 4272384?
False
Is 4511315 a multiple of 53?
False
Is 59 a factor of 21299?
True
Does 581 divide 1993530?
False
Is 126759 a multiple of 93?
True
Is 218569 a multiple of 29?
False
Does 42 divide 150654?
True
Is 144 a factor of 237301?
False
Is 448967 a multiple of 409?
False
Is 5316 a multiple of 18?
False
Is 1618155 a multiple of 77?
True
Is 30260 a multiple of 89?
True
Does 58 divide 2493536?
True
Is 224042 a multiple of 14?
True
Is 20936883 a multiple of 21?
False
Does 14 divide 4810908?
False
Does 390 divide 70671?
False
Is 26490 a multiple of 5?
True
Is 198264 a multiple of 44?
True
Is 3338241 a multiple of 22?
False
Is 1056286 a multiple of 266?
True
Does 10 divide 1593100?
True
Is 12 a factor of 861008?
False
Does 482 divide 3385533?
False
Is 9 a factor of 153279?
True
Does 284 divide 1247593?
False
Is 1358980 a multiple of 476?
True
Is 321 a factor of 1178070?
True
Is 12 a factor of 291600?
True
Is 1444843 a multiple of 248?
False
Is 1395753 a multiple of 828?
False
Does 198 divide 13860?
True
Does 15 divide 357465?
True
Does 1763 divide 19417682?
True
Does 448 divide 4830784?
True
Is 1909089 a multiple of 37?
True
Is 10 a factor of 212383?
False
Does 11 divide 6177479?
True
Does 14 divide 355992?
True
Is 1581178 a multiple of 166?
False
Does 38 divide 4574294?
False
Is 2825310 a multiple of 410?
True
Is 501757 a multiple of 191?
True
Does 133 divide 270581?
False
Is 579 a factor of 2159670?
True
Is 242 a factor of 623235?
False
Is 15293389 a multiple of 454?
False
Is 588045 a multiple of 276?
False
Does 238 divide 338320?
False
Is 53 a factor of 196259?
True
Is 29 a factor of 190278?
False
Is 1080912 a multiple of 84?
True
Is 132180 a multiple of 12?
True
Does 817 divide 16170064?
True
Does 1048 divide 28779128?
True
Does 123 divide 32072?
False
Is 1122 a factor of 2914956?
True
Does 172 divide 707952?
True
Does 15 divide 226335?
True
Is 2007929 a multiple of 37?
False
Is 628500 a multiple of 30?
True
Is 24 a factor of 50310?
False
Is 57 a factor of 3981957?
False
Does 14 divide 348166?
True
Is 103 a factor of 369515?
False
Is 2266614 a multiple of 117?
False
Does 16 divide 1475280?
True
Does 8 divide 103138?
False
Does 62 divide 1554557?
False
Is 40533 a multiple of 11?
False
Is 380800 a multiple of 80?
True
Is 101 a factor of 166385?
False
Does 59 divide 237357?
True
Does 80 divide 1141600?
True
Is 297720 a multiple of 20?
True
Is 107 a factor of 161042?
False
Is 6 a factor of 47468?
False
Is 51 a factor of 776934?
True
Is 173 a factor of 2058187?
False
Is 15 a factor of 842865?
True
Is 74 a factor of 1325515?
False
Is 3564952 a multiple of 8?
True
Is 3586505 a multiple of 74?
False
Is 1029303 a multiple of 9?
True
Is 165 a factor of 602654?
False
Does 587 divide 351026?
True
Is 195069 a multiple of 7?
True
Does 291 divide 1800661?
False
Is 109 a factor of 404824?
False
Is 82 a factor of 76014?
True
Does 56 divide 258384?
True
Is 17482 a multiple of 4?
False
Is 109583 a multiple of 133?
False
Is 3424976 a multiple of 41?
True
Is 50 a factor of 3994400?
True
Is 5788656 a multiple of 12?
True
Is 1112334 a multiple of 88?
False
Is 78 a factor of 121992?
True
Is 248824 a multiple of 8?
True
Is 7 a factor of 60157?
False
Is 72 a factor of 67755?
False
Does 10 divide 5650760?
True
Does 161 divide 198835?
True
Is 12 a factor of 1265748?
True
Does 173 divide 6196?
False
Is 383 a factor of 209472?
False
Is 84712 a multiple of 4?
True
Is 7608120 a multiple of 156?
True
Is 31 a factor of 467601?
False
Is 389 a factor of 4608483?
True
Is 19 a factor of 332253?
True
Is 4 a factor of 68359?
False
Is 65452 a multiple of 64?
False
Does 6 divide 139932?
True
Does 11 divide 1300955?
False
Is 604611 a multiple of 63?
True
Is 393244 a multiple of 51?
False
Is 1778459 a multiple of 163?
False
Is 893 a factor of 655055?
False
Is 13 a factor of 6150?
False
Does 28 divide 7694309?
False
Is 2807952 a multiple of 488?
True
Is 352 a factor of 9904576?
True
Does 11 divide 135014?
True
Is 1089 a factor of 13203930?
False
Does 49 divide 9524718?
True
Is 55 a factor of 368600?
False
Is 948469 a multiple of 379?
False
Is 145 a factor of 2880135?
True
Does 83 divide 88395?
True
Does 4 divide 632947?
False
Does 98 divide 7130186?
True
Is 86537 a multiple of 217?
False
Does 1051 divide 4009745?
False
Does 15 divide 3115785?
True
Is 2710105 a multiple of 755?
False
Is 513024 a multiple of 8?
True
Is 191197 a multiple of 19?
True
Is 438421 a multiple of 5?
False
Does 64 divide 423360?
True
Is 525031 a multiple of 13?
True
Is 40 a factor of 8192450?
False
Is 59 a factor of 15610?
False
Is 676150 a multiple of 25?
True
Does 48 divide 236256?
True
Does 646 divide 855304?
True
Does 60 divide 23839?
False
Does 24 divide 115776?
True
Is 195016 a multiple of 38?
True
Is 2280636 a multiple of 162?
True
Does 520 divide 1306132?
False
Does 23 divide 279409?
False
Does 50 divide 241125?
False
Is 2 a factor of 1141617?
False
Does 157 divide 104719?
True
Does 354 divide 23157272?
False
Does 9 divide 3024234?
True
Is 905 a factor of 267880?
True
Is 13 a factor of 1396980?
True
Is 25315129 a multiple of 1018?
False
Does 302 divide 359356?
False
Is 230 a factor of 1948235?
False
Is 13 a factor of 56756?
False
Is 9499464 a multiple of 68?
True
Is 4 a factor of 433172?
True
Is 313066 a multiple of 45?
False
Does 28 divide 57678?
False
Does 46 divide 345690?
True
Is 347328 a multiple of 36?
True
Does 444 divide 321570?
False
Is 8855 a multiple of 15?
False
Is 3 a factor of 41859?
True
Is 22824720 a multiple of 15?
True
Is 1386568 a multiple of 184?
False
Does 7 divide 70334?
False
Does 90 divide 3771090?
True
Is 105868 a multiple of 133?
True
Is 1075894 a multiple of 437?
True
Is 54201 a multiple of 87?
True
Is 116816 a multiple of 16?
True
Is 239933 a multiple of 426?
False
Does 55 divide 796730?
True
Is 18 a factor of 2305629?
False
Is 19 a factor of 5900937?
False
Is 1007640 a multiple of 135?
True
Does 102 divide 6682326?
True
Is 2525810 a multiple of 45?
False
Is 9 a factor of 21398?
False
Does 10 divide 10561?
False
Is 186 a factor of 181536?
True
Is 13605375 a multiple of 1775?
True
Does 27 divide 51597?
True
Is 194028 a multiple of 46?
True
Is 1726928 a multiple of 540?
False
Is 339418 a multiple of 11?
False
Is 142 a factor of 3534532?
False
Does 1135 divide 1399843?
False
Does 4 divide 561828?
True
Is 133022 a multiple of 17?
False
Does 47 divide 52217?
True
Is 193168 a multiple of 16?
True
Does 141 divide 65847?
True
Is 13 a factor of 260068?
False
Does 4 divide 42683?
False
Is 11 a factor of 